)*-6*9. Let a = 41 - x. What is the tens digit of a?
6
Suppose 0 = 2*d - 6, 75*t - 80*t = -2*d - 11719. What is the hundreds digit of t?
3
Suppose 178 + 86 = 4*h. Suppose -3*m + 130 = -m + n, -n + h = m. What is the units digit of m?
4
Let w(z) = z**3 - z**2 + 3*z + 6. Let k = -27 - -30. Let s be w(k). What is the tens digit of (s + -1)/1 - -4?
3
Suppose -14 = -4*x - 2*g, -4*x + x + 3*g = 3. Suppose 4*u - 10 - x = 0, -3*l - u + 129 = 0. What is the units digit of 6/21 + 282/l?
7
Suppose 0 = -4*u + 2*b + 19318, -2*u + 5*b = 8*b - 9647. What is the thousands digit of u?
4
Suppose -32 = -5*p + 48. Suppose p = a - 3*b - 0*b, 4*b - 72 = -2*a. What is the units digit of a?
8
Suppose w - 4*w = -3*b + 12, -w = 0. Suppose -4*i = 3*n - 280, -2*n + b*i - 2*i = -196. What is the tens digit of n?
9
Let t be (32/24)/((-1)/63). Suppose -5*a = -3*h - 2*h + 75, -3*h + 9 = 0. What is the units digit of (9/a)/(3/t)?
1
Suppose 5*c = -g + 8, 10*c = 12*c - 5*g + 13. What is the units digit of c?
1
Let v be (-2 - 16/(-7)) + (-64)/28. What is the units digit of (-5968)/(-48) - v/3?
5
Let n be 9/(-1)*2/4*-138. Let b = n - 294. What is the tens digit of b?
2
Suppose 0 = -4*l - 20, 2*l - 4*l = -2*y + 3590. What is the thousands digit of y?
1
Suppose 2*z = -0*z - 4*n + 6, 3*n - 4 = -2*z. Suppose -5*s - 68 = 2*i + 1, 3*s = -i - 42. Let b = z - s. What is the tens digit of b?
1
Let l be 2590/8 - 2/(-8). Suppose -3*t = 3*t - l. Suppose -7*c + 2*c - t = -a, 5*a - 2*c - 293 = 0. What is the tens digit of a?
5
Let h = -530 - -767. What is the units digit of h?
7
Suppose -4*c + 753 = -1931. What is the hundreds digit of c?
6
Suppose 0*k = -4*l - 3*k - 9, -5*l = 4*k + 10. Let x = l - -7. What is the tens digit of (3 + -3 + x)*29?
2
Suppose -11*w + 3*w = -152. Suppose -w - 17 = -n + 4*b, -3*b = 12. What is the units digit of n?
0
Suppose 0*w + 3*w - 66 = 0. What is the tens digit of (75/(-2))/((-11)/w)?
7
Suppose -4*j - 2*i - 2359 = -5*j, -6 = -3*i. What is the tens digit of j?
6
Suppose 26*g = 36*g - 3030. What is the units digit of g?
3
Let h(c) be the third derivative of -c**4/12 - 2*c**3/3 - 5*c**2. Let r be h(-3). Suppose -i + 4 = -4*f, -120 = -r*i - 3*i - 5*f. What is the units digit of i?
0
Suppose 3*i = 2*i + 5*s - 9, 4*s = 16. Suppose 510 = -5*g + i*g. What is the tens digit of g?
8
Let z(y) = -y - 2. Let o = 25 - 29. Let s be z(o). Suppose -4*i + s*i = -96. What is the units digit of i?
8
What is the units digit of -2 - 7114/(-3) - (-14)/21?
0
Let x(i) = 18*i**2 - 51*i**2 + 7 - 3*i + 26*i**2 - i**3. What is the units digit of x(-7)?
8
Let m(j) = -5*j + 61. Let v be m(11). Let i(l) = 2*l - 3*l + 4*l + 5. What is the units digit of i(v)?
3
Let n = 806 + 377. What is the thousands digit of n?
1
Let z(x) = x**2 - 2 - 1 - 2*x**2 + 4*x**2 + 3*x. What is the tens digit of z(3)?
3
Suppose -u - 5*c = u + 41, 3*c = 3*u + 93. Let r be 24/u*7*-1. Suppose -j + r*j = 50. What is the units digit of j?
0
Let h(r) = 25*r - 290. What is the tens digit of h(52)?
1
Let l = 1751 - 1745. Let i = 65 + -40. Suppose 7*k - i = l*k. What is the units digit of k?
5
Let q = 327 - 323. Let d = -7 + 5. Let f = d + q. What is the units digit of f?
2
Let h(u) = u**2 + 2*u - 5. Let k = -52 + 40. What is the tens digit of h(k)?
1
Suppose -3*y = y - 32. Suppose -g + y = -13. Let p = g + -8. What is the units digit of p?
3
Suppose 2*l - 3*l + 1795 = 2*g, -3*g + 2691 = 2*l. What is the units digit of g?
9
Let y be (-6)/(-3 - -1) - -265. Suppose -4*z - 2*a = -1048, -z = -2*z + a + y. What is the tens digit of z?
6
Suppose d = 6*d - 340. What is the units digit of d?
8
Suppose 36*u = 34*u + 1782. What is the units digit of u?
1
Suppose -3*z = 2*z + 25. Let t be (-15)/(-75) - 14/z. Suppose 76 = t*b + m - 7, -4*m - 88 = -3*b. What is the units digit of b?
8
Suppose 3*h - 25 = -2*h. Suppose -2*g + h*x + 3 = 0, -g + 3 = -0*g - x. Suppose m - 27 = -g*a, 0 = m - 0*a - 3*a - 20. What is the tens digit of m?
2
Suppose z - 390 = -2*b, 0 = -3*b + 2 - 11. What is the tens digit of z?
9
Suppose -87 + 1056 = 3*w. Let g = w + -172. What is the units digit of g?
1
Let i(g) = g**3 - 7*g**2 - 28*g + 15. Let x(n) = -2*n**3 + 13*n**2 + 57*n - 31. Let b(z) = 13*i(z) + 6*x(z). What is the units digit of b(15)?
9
Suppose 364 - 112 = 12*i. Suppose 3*k + 2*m - 9 - 14 = 0, -3*k = 3*m - i. What is the units digit of k?
9
Suppose -2*g + 11 = 3. Suppose 1 = 4*c - 19. Suppose j - 33 = -c*u, g*u + 4*j = -u + 42. What is the units digit of u?
6
Let u = 1217 + 1380. What is the tens digit of u?
9
Let x(r) = 334 + r + 17 + 3*r - 3*r. Let j be x(0). What is the units digit of j/12 - 3/12?
9
Let h = 14 + -16. Let u be (15/h)/(2/(-4)). Suppose 5*j - 21 = p, 5*j + 3*p - u = -2*p. What is the units digit of j?
4
Suppose 4*n - 4 = 40. Suppose -n*s = -15*s + 24. What is the units digit of s?
6
Let d = 2503 - -140. What is the hundreds digit of d?
6
Let c(y) = 4*y**2 + 6*y + 22. Let d be c(8). Suppose -4*m + d = -498. What is the tens digit of m?
0
Suppose -30 = -5*p + 55. Let u be (16/(-20))/((-2)/5). Suppose -5*k - p = -u, 2*k = -3*h - 3. What is the units digit of h?
1
Let k(g) be the second derivative of -7*g**5/20 - g**4/12 - g**3/3 - g**2 - 17*g. What is the units digit of k(-1)?
6
Let y(m) = -m + 4. Let h be y(7). Let z be 21/(-9)*h + -3. What is the tens digit of 1/z + (-87)/(-4)?
2
Let r(h) = 2*h - 6. Let l be r(4). Suppose 3*d + 130 = l*g, 2*g - 2*d + d - 122 = 0. What is the tens digit of g?
5
Let t = 6 + 6. Let i = -18 + 21. What is the units digit of i/t - (-30)/8?
4
Let s = -35 + 37. Suppose 0 = -4*o + s*o + 96. What is the units digit of o?
8
Suppose 2*d + 5*g - 106 = 4*g, 0 = -d + g + 59. Suppose 0 = -m - 3*p + 217, 3*p = -3*m - d + 688. What is the tens digit of m?
0
Let h be (-12)/54 - 245/(-9). Let d = 14 - h. Let f = 10 - d. What is the tens digit of f?
2
Suppose -19*w + 17034 = -3961. What is the tens digit of w?
0
What is the tens digit of 8/3 - (-125579)/249?
0
Suppose -5*j + 15 = 4*i + i, 2*i - 1 = -j. Suppose -2*h = 5*k - 10*k - 205, 0 = -h - j*k + 125. What is the tens digit of h?
1
Suppose 4*y + 5 - 23 = a, 3*a + 5*y = 14. What is the units digit of ((-83)/a)/((-24)/(-48))?
3
Suppose 8 + 23 = -u. Let z = 5 + u. What is the units digit of (-2)/(-13) + (-48)/z?
2
Suppose -22 = -9*o + 14. Let y be (1 + -81)/(-2)*3. Suppose y = o*i + w, -2*i - i - 3*w = -99. What is the units digit of i?
9
Let u(n) = 3*n**2 + 2*n + 1. What is the units digit of u(-2)?
9
Let p(r) = -r**3 - 22*r**2 - 37*r + 51. What is the units digit of p(-23)?
1
Let c(m) = 15*m + 6. Let j be c(-1). Let w = 129 - j. What is the hundreds digit of w?
1
Suppose -5*n + 2*b = -20, -4*b = -4*n - 6 + 34. Suppose 7*h = n*h + 90. What is the units digit of h?
8
Let d be 36 + -1 + (-3)/1. Suppose 0 = -2*x + 78 - d. What is the units digit of x?
3
Suppose 1 + 5 = -c + 2*p, -4*p + 12 = -3*c. Suppose 0 = -w - c*w + 55. What is the units digit of w?
5
What is the hundreds digit of (48/(-32))/((-6)/8)*403?
8
Suppose 0 = 3*r + 2*f - 13, 5*r - 2*f = 3*f - 20. Suppose -2*c = -p + 31, -p + c + r = -34. What is the tens digit of p?
3
Let h(b) = 22*b + 6. Suppose -3*g = z - 6*z + 7, -4*z - 4*g + 12 = 0. Let m be h(z). What is the units digit of m + 0/(4/(-2))?
0
Let d(x) = -x**2 - 14*x + 18. Let r(w) = -2*w**2 - 29*w + 37. Let a(n) = 5*d(n) - 2*r(n). What is the units digit of a(-13)?
3
Let l = 15 + -5. Suppose 4 = -2*m - l. Let p(d) = -d**2 - 12*d - 2. What is the tens digit of p(m)?
3
Suppose -17929 = -36*r + 116243. What is the hundreds digit of r?
7
Let f(k) = 33*k**2 + 36*k + 304. What is the hundreds digit of f(-10)?
2
Let f(m) = 104*m**3 - 11*m**2 + 5*m - 6. Let z(g) = -21*g**3 + 2*g**2 - g + 1. Let w(x) = 4*f(x) + 22*z(x). What is the tens digit of w(-1)?
4
Suppose 3*l - 2*z - 77 = 0, 5*z + 1 = l - 3. Suppose 0 = 3*k + 53 - 200. Let q = k - l. What is the units digit of q?
0
Let a = 2388 - 1144. What is the tens digit of a?
4
Suppose -5*c = 2*q - 25, -2*c + 94 = 5*q - 0*c. Let r be (-1)/2*q/5. What is the units digit of (-14)/r + 0/2?
7
Let x(l) = l**3 + l**2 - 6. Let q be -2 - (-3 - 2/(-2)). Let r be x(q). What is the tens digit of 35*(-1)/(15/r)?
1
Suppose -5*v = -x - 5 - 13, -6 = 5*x - 4*v. Suppose -7*y = -2*y - 25, x*y = -4*g + 290. What is the tens digit of g?
7
S